what is 10223004133 + 4?
10223004142
In base 13, what is -87272 - aa?
-8734c
In base 5, what is -202324022404 + -3?
-202324022412
In base 11, what is 2a - 7231165?
-7231136
In base 14, what is -9b5 + -bba3?
-c778
In base 7, what is -35 + 14615641?
14615603
In base 16, what is 195e + -1744?
21a
In base 13, what is -c1a0c - -21?
-c19bb
In base 9, what is -1253168 - 255?
-1253434
In base 4, what is 102331132310 - 0?
102331132310
In base 15, what is -c19 - -29b?
-96d
In base 4, what is 201 - -10312130122?
10312130323
In base 6, what is 300033505 + 34?
300033543
In base 6, what is -31 - 2413430122?
-2413430153
In base 9, what is 7035625 + 4?
7035630
In base 7, what is -6146005026 - -1?
-6146005025
In base 15, what is 13d3 + -183?
1250
In base 4, what is 202322121 + 3031?
202331212
In base 7, what is 126561 + 2116?
132010
In base 11, what is -23 + 64a33?
64a10
In base 3, what is 12000 - 110000220?
-102211220
In base 6, what is -204 + 43424420?
43424212
In base 7, what is 20 + 53164412?
53164432
In base 10, what is 5 - -3610727?
3610732
In base 6, what is -5 - 20545424432?
-20545424441
In base 10, what is 42 - 730817?
-730775
In base 7, what is 53356 + -4450?
45606
In base 2, what is -101 - 10010001001010101101110011?
-10010001001010101101111000
In base 13, what is -83 + 7b5316?
7b5263
In base 11, what is 714 + -67aa70?
-67a357
In base 11, what is 3084 - 8627?
-5553
In base 5, what is -11231402334 + -4?
-11231402343
In base 3, what is 12111 + 1211100?
2000211
In base 6, what is 3303554025 - 2?
3303554023
In base 9, what is 53686 - 112?
53574
In base 10, what is -3257 - 2178?
-5435
In base 9, what is 407 - 13127?
-12620
In base 16, what is -67fa5 + 15e?
-67e47
In base 16, what is 6 + -cf7145?
-cf713f
In base 6, what is 10041 + 11014?
21055
In base 9, what is -3 + 265220684?
265220681
In base 16, what is 29f5c27b + 3?
29f5c27e
In base 7, what is -10130334 + -6?
-10130343
In base 10, what is -1784 + -6541?
-8325
In base 11, what is -3a90 - 3016?
-6aa6
In base 2, what is 11100001110 + 1110100101101?
10010000111011
In base 3, what is -111221 + 111111222?
111000001
In base 12, what is 1105661 + -b?
1105652
In base 3, what is 121011110001112 - 101?
121011110001011
In base 12, what is -1224839 + 0?
-1224839
In base 10, what is -4003162 + 38?
-4003124
In base 4, what is 1020212300202 - 10?
1020212300132
In base 15, what is -305 + -ab00?
-ae05
In base 7, what is 116 + 42116220?
42116336
In base 8, what is -2204140 + 35?
-2204103
In base 4, what is 12201310 + 13112?
12221022
In base 14, what is 1cd24460 - -4?
1cd24464
In base 15, what is 110 - -cb5aa?
cb6ba
In base 5, what is -10132340 - 110433?
-10243323
In base 14, what is 114857 + 23?
11487a
In base 3, what is 12111111 + 122021212?
211210100
In base 3, what is -111101 + -12121020010?
-12121201111
In base 8, what is -247063 - -56?
-247005
In base 6, what is -5 - 425121431?
-425121440
In base 7, what is -31543632 + -540?
-31544502
In base 3, what is 2 + -20211222201222?
-20211222201220
In base 11, what is 8002 + 3a?
8041
In base 7, what is 23 + -15321104?
-15321051
In base 10, what is -1 - 2432263?
-2432264
In base 10, what is -831 - 19883?
-20714
In base 5, what is -30111314113 - -4?
-30111314104
In base 11, what is -1102198 - 112?
-11022aa
In base 3, what is 122002021022022001 + -10?
122002021022021221
In base 12, what is 5 - -45a2a51?
45a2a56
In base 10, what is -50977 + 499?
-50478
In base 5, what is -434034144 - 111?
-434034310
In base 6, what is -500 + 1055132?
1054232
In base 10, what is 7082 + -8845?
-1763
In base 15, what is 2ae17 - a85?
2a382
In base 16, what is -1477ff - -4e?
-1477b1
In base 14, what is 7 + 122c575a?
122c5763
In base 11, what is a8 - -278a30?
279028
In base 7, what is -1302053 - 24402?
-1326455
In base 15, what is 14b + -430a9?
-42e5d
In base 2, what is 1001 - -10100011101011000010100?
10100011101011000011101
In base 7, what is 1 + -112422404?
-112422403
In base 8, what is -1674130 - 442?
-1674572
In base 5, what is -4004 - 40011224?
-40020233
In base 5, what is 14020132 - -343?
14021030
In base 4, what is 121 + -320102221231?
-320102221110
In base 5, what is 0 - -12240102221?
12240102221
In base 12, what is -290 + -141860?
-141b30
In base 3, what is 101 - 1222202001011?
-1222202000210
In base 8, what is 150437 + 0?
150437
In base 8, what is -7556405602 - 3?
-7556405605
In base 6, what is 241 + 4535422?
4540103
In base 13, what is 5 + -3aca163?
-3aca15b
In base 10, what is 54254 - 4?
54250
In base 10, what is -719685 - -607?
-719078
In base 5, what is 20334 + -1440203?
-1414314
In base 10, what is 12355040 - 12?
12355028
In base 7, what is -4 + 24345135?
24345131
In base 2, what is 10011111101001111 - 110000?
10011111100011111
In base 15, what is -8865e6 + 0?
-8865e6
In base 4, what is 21133020 - 2331?
21130023
In base 7, what is -130511455 + 14?
-130511441
In base 12, what is -3 - 285b75a?
-285b761
In base 15, what is -8797 - 300c?
-b7a4
In base 2, what is 1 + -1100010101101011100100?
-1100010101101011100011
In base 5, what is -14321342223 - -11?
-14321342212
In base 3, what is -20120220000 + -12000220?
-20202220220
In base 8, what is -22 + -43341463?
-43341505
In base 3, what is 111112120120220 - -10?
111112120121000
In base 12, what is -3861ab238 + -1?
-3861ab239
In base 11, what is 183403 - -23?
183426
In base 4, what is -30032 + -2321220230?
-2321310322
In base 4, what is 1012023303331 + 2?
1012023303333
In base 7, what is 5 - 161535311?
-161535303
In base 10, what is -33367 + 942?
-32425
In base 12, what is 24 - -b2770?
b2794
In base 5, what is 1041 + -3111433?
-3110342
In base 3, what is 2101020202010211 - -2?
2101020202010220
In base 13, what is 102219 + -b8?
102131
In base 3, what is 1011212 - 2010200012?
-2002111100
In base 3, what is -111221121 + -2222012?
-121220210
In base 14, what is -129 - 61a0a?
-61b35
In base 12, what is 8496876 - 14?
8496862
In base 11, what is -9481aa1 + 2?
-9481a9a
In base 5, what is 2142 - 20041034?
-20033342
In base 6, what is -2040 - 1313455?
-1315535
In base 8, what is -556532 + 131?
-556401
In base 5, what is -333114 + 2124432?
1241313
In base 15, what is -5db + -1987?
-2073
In base 14, what is -14a11135 - -5?
-14a11130
In base 13, what is -a1 + 388cc3?
388c22
In base 9, what is -38 + -5488?
-5537
In base 3, what is -10120021222110112 - 2?
-10120021222110121
In base 15, what is 2856ce7 + 5?
2856cec
In base 2, what is 1000001111 - -110000001110101?
110001010000100
In base 14, what is 985 - b462?
-a8bb
In base 10, what is 645 - 88894?
-88249
In base 7, what is 5 + -11355161614?
-11355161606
In base 4, what is -33013 + 33002203?
32303130
In base 14, what is -7 - 4543db2?
-4543db9
In base 4, what is -11120 + 2212033201?
2212022021
In base 15, what is -1c7 - -ce4?
b1c
In base 4, what is 333310003022 + 0?
333310003022
In base 15, what is -6dced2 - -1?
-6dced1
In base 7, what is -425 - -42231662?
42231234
In base 6, what is -114104 + 112302?
-1402
In base 3, what is -12111222110011 + -1102?
-12111222111120
In base 12, what is 23 + -179673?
-179650
In base 5, what is 3 - 2423422233?
-2423422230
In base 16, what is -922219d + -1?
-922219e
In base 2, what is -11 + -11110101011001010011?
-11110101011001010110
In base 3, what is 100002210210 - 201?
100002210002
In base 11, what is 3 - -4906356?
4906359
In base 8, what is 16 + -1635035?
-1635017
In base 10, what is -221 - 138083?
-138304
In base 4, what is 1232111 - 3330?
1222121
In base 12, what is -9 - 8a78435?
-8a78442
In base 9, what is -8 + 531606?
531587
In base 6, what is 3 + 2001000353?
2001000400
In base 10, what is -2355107 - -5?
-2355102
In base 4, what is -10 - -300302021220?
300302021210
In base 6, what is -5 + -15235441?
-15235450
In base 10, what is 0 + -5377086?
-5377086
In base 3, what is -200002 + -200112?
-1100121
In base 2, what is -111 + 1010010001110111101010000?
1010010001110111101001001
In base 14, what is -25b980 - -a9?
-25b8b5
In base 13, what is 43c4597 + -4?
43c4593
In base 5, what is 1131 + 2131423?
2133104
In base 12, what is 908a202 - 5?
908a1b9
In base 11, what is 1a1 - -57569?
5775a
In base 7, what is 265124 + 20?
265144
In base 7, what is 4 + -16054633?
-16054626
In base 8, what is -4 + 1037257403?
1037257377
In base 9, what is 112 + 6400314?
6400426
In base 13, wha